78
Let s(y) = y**2 + 8*y + 7. Suppose 35*p = 21*p - 70. What is s(p)?
-8
Let v(k) = -17*k + 22 + 34 + 24*k + 30 - 100. What is v(11)?
63
Suppose -2*w - 3*w = -25. Suppose 0 = -0*v + w*v + 180. Let c = v - -37. Let x(d) = 12*d + 1. Determine x(c).
13
Let t = 18 + -21. Let p(h) = h**2 - 3*h + 13. Let i(d) = d**2 - 2*d + 7. Let k(f) = t*p(f) + 5*i(f). Let a = 6 + -3. Determine k(a).
11
Let l(s) = -4*s**2 - 7*s - 16. Let m(i) be the third derivative of -i**5/12 - i**4/3 - 10*i**3/3 + 150*i**2. Let f(q) = 6*l(q) - 5*m(q). Calculate f(7).
39
Suppose -16*p + 13*p = -9. Let j(r) = -10*r**3 - 5*r - 5*r**2 - 2*r**p + 3*r**3 - 1 + 8*r**3. What is j(-5)?
24
Let a(u) = -3*u**3 - 77*u**2 + 64*u - 16. Let r(b) = -b**3 - 26*b**2 + 23*b - 5. Let p(w) = -6*a(w) + 17*r(w). Calculate p(-20).
-129
Let r = 486 + -487. Let o be (8 + -3)/(r/(-3)). Let d(v) = v**2 - 17*v + 21. Calculate d(o).
-9
Let u(i) = 2*i - 42. Let b(k) = k**3 + 26*k**2 + 14*k - 259. Let o be b(-25). Calculate u(o).
-10
Let h(u) = 8*u**2 - 165*u + 251. Let s be h(19). Let f(d) = -d**2 - d + 25. Determine f(s).
5
Let k be 6/6*4*3. Let q(m) = 3*m**3 + 17*m**2 - 15*m - 2. Let n(z) = -z**3 - z**2 + z - 1. Let w(g) = 4*n(g) + q(g). What is w(k)?
6
Let t = -158 + 169. Let d(x) = 228*x + t*x**2 + 238*x + 2 + x**3 - 456*x. Calculate d(-10).
2
Let f = -1942 - -1946. Suppose 4*a + 18 - 54 = -f*w, -2*w - 3*a = -22. Let p(m) = 4*m + 0*m - 3*m. Determine p(w).
5
Suppose 5*v + 3*m - 56 = 0, -5*m - 14 = 1. Let j(s) = -s**2 + 9*s + 15. Give j(v).
-37
Suppose -15*w - 25 = 20. Let i(o) = -2*o + 24. Let z(f) = -2*f + 19. Let l(t) = 4*i(t) - 5*z(t). Determine l(w).
-5
Let i(u) = 6*u - 59. Let f be ((-12)/78)/1*-13 - -2. What is i(f)?
-35
Let l(o) = -20363*o**2 - o + 40722*o**2 + 3*o**3 - 20364*o**2. Calculate l(2).
2
Let x(t) = -235*t**2 + 9*t - 9*t - 6 + 236*t**2 + 11*t - 1. Determine x(-10).
-17
Suppose 7*t - 19 = 2. Let l(v) = t - 789*v - 4 + 793*v. What is l(2)?
7
Let s(r) = r**3 + 45*r**2 - 44*r + 92. Let h = 13600 - 13646. Determine s(h).
0
Let x(m) = m**2 + m - 9. Suppose -5*j + 38 = -22. Suppose -3*f - 12 = -5*p + f, -f = -5*p + 3. Let d be p/(12/(j/(-3))). Determine x(d).
-9
Let h = -1644 - -1640. Let s(g) = -3 + 0 + 2 - 2 + g. Calculate s(h).
-7
Let i(o) = -3*o - o**2 + 0*o**2 - 3*o. Let m = -310 + 314. Let p be (m*1)/(6/(-9)). What is i(p)?
0
Let i(c) = c**2 + 12*c + 23. Let a be i(-9). Let z(o) = -2*o - 8*o**3 - 3*o**2 + 3*o**2 + 3*o**2 + 9*o**3. What is z(a)?
-8
Let g(q) = 7*q + 7. Let s be (4 + -2 + 0)/(5/1010). Let z = s + -406. What is g(z)?
-7
Let f(x) = 2*x**3 - 8*x**2 - 3*x - 3. Suppose 16*h - 30 = 6*h. Let u(w) = -3*w**3 + 8*w**2 + 4*w + 2. Let l(v) = h*u(v) + 4*f(v). Give l(-8).
-6
Let u = 143 + -142. Suppose 0 = -2*k + 7*k - 25. Let b(y) = 2*y**2 - 2*y + 3. Let c(o) = 4*o**2 - 3*o + 5. Let i(m) = k*b(m) - 3*c(m). Give i(u).
-3
Let t(h) = h**2 + 8*h + 2. Let q = 186 - 181. Suppose -3*z + 2*i - 26 = 0, 3 = -z - 2*i + q. Give t(z).
-10
Let i(v) = -9*v + 11*v + 10*v + 201*v**2 + 24 + 198*v**2 - 398*v**2. Give i(-6).
-12
Let z = -606 + 610. Suppose z*k + 52 = 24. Let d(i) = -i**2 - 10*i - 16. What is d(k)?
5
Let g(n) = 4134*n**2 - 2073*n**2 + 5*n - 2070*n**2 - 5 + 0*n. Give g(1).
-9
Let k(o) = -27 + 13*o + 39 - 25 - 19*o. Calculate k(-11).
53
Let f(o) be the first derivative of 13*o**2 - 21*o + 818. What is f(1)?
5
Let o(n) = n**2 - 177*n + 364*n - 19 - 192*n. Determine o(10).
31
Let q(u) = u**3 - 39*u**2 + u - 41. Suppose -63*t + 2424 = 159*t - 6234. Calculate q(t).
-2
Let o(r) = -44*r**2 - 82 - 2426482*r**3 + 11*r**2 + 2426481*r**3 + 68*r. Give o(-35).
-12
Let t be -12*(28/8 + -3). Let b be t/(-30)*(-57 - -2). Let o(m) = -m - 7. Calculate o(b).
4
Let i = -3 + -107. Let j be i/(-20) + ((-5)/(-2))/(-5). Suppose -n + 4*n - 27 = j*o, 2*o - 2*n = -10. Let z(t) = 2*t + 12. Calculate z(o).
0
Suppose -6*z - 103 - 1085 = 0. Let l be (-112)/(-11) - (-36)/z. Let q(o) = 27*o - l*o - 8*o. What is q(1)?
9
Suppose 4*v = 24, -200*v - 21 = 5*i - 201*v. Let k(l) = -15*l**2 + 2*l - 5. Calculate k(i).
-146
Let s(w) = -w**3 - 11*w**2. Let y be s(-11). Let c(d) = 0 + 0 - d + y + 6. Let o(i) = i - 7. Let m(r) = -3*c(r) - 2*o(r). Determine m(6).
2
Let z(y) be the second derivative of y**5/20 - 5*y**4/12 + y**3 - 3*y**2 + y. Let g = 36 + 246. Let a = g - 278. Determine z(a).
2
Suppose 13 + 83 = -12*z. Let j be 7 + 3/(6/z). Suppose 4*w + 27 = 3*q, 0 = -0*q - j*q - 5*w. Let k(r) = r**3 - 5*r**2 + r - 2. Give k(q).
3
Let y be 48/112 - (-4 + 712/28). Let k(g) = 4*g**2 + 87*g + 68. Determine k(y).
5
Suppose -3*u + 2*k + 13 = 0, -5 - 2 = -3*u - k. Let f(a) = 242*a - 726. Let c be f(3). Suppose -24 + c = u*l. Let o(q) = -q**2 - 9*q - 5. What is o(l)?
3
Let b(d) be the first derivative of d**4/4 + 7*d**3/3 + 3*d**2/2 + 9*d + 24921. Suppose -21 = -5*y + 4. Suppose -4*t + q - 10 = 21, y*t + 2*q = -29. Give b(t).
-12
Let d be -1*(-4)/5*(-45)/18. Let y(v) = -5*v**3 + v**2 - 5*v + 3. Let n be y(-4). Let f(x) = -x + x**3 + x**2 - n + 359. Determine f(d).
-2
Let n be 2/(-4)*-4 + (0 - 1). Let z(p) = -p**2 - 2*p + 1. What is z(n)?
-2
Suppose -4*f = 0, -7*f + 1000 = -2*w - 8*f. Let z = 510 + w. Let m(t) = -t**3 + 11*t**2 - 12*t + 20. What is m(z)?
0
Let g(s) = s**3 + s**2 - s + 59. Suppose -3*w - 4*i + 4 = 0, 0 = 5*i + 9 - 14. Calculate g(w).
59
Let g(c) = -c**3 + 19*c**2 + 17*c + 10. Let r = -22311 - -22331. Determine g(r).
-50
Let l be (-32)/6*(-2 - (-4)/8). Let j be 2 - (-10)/l*-4. Let i be 2 - (1/(j/12) + 1). Let v(h) = h**3 - 4*h**2 - 4*h - 1. Give v(i).
4
Let f(v) = -12*v + 98 + 39*v - 5*v - 13*v - 161. Give f(8).
9
Let u(k) be the third derivative of k**4/6 + 7*k**3/2 + 128*k**2. Calculate u(-5).
1
Let r = 0 - 8. Let o(v) = -61*v**3 + 5 + 95*v**3 + 7*v**2 - 8*v - 33*v**3. What is o(r)?
5
Let b be (3 + -1 + 4)*(-49)/14. Let s(q) = 4*q + 41. Calculate s(b).
-43
Let t(s) = -8*s**2 - 6*s - 1. Suppose 29 + 29 - 18 = -20*i. Give t(i).
-21
Let b be 42/4*(6/(-9) + 0). Let k be (-4 - b) + (-3)/(6/32). Let n = 19 + k. Let g(y) = y - 6. What is g(n)?
0
Let s(t) = -2*t**2 + 12*t - 25. Let a be 6/17 - (-6241)/1343. Calculate s(a).
-15
Let x(k) be the first derivative of k**4/4 - 2*k**3 - 6*k**2 + 3*k + 2. Let u = -7450 - -7458. Determine x(u).
35
Let b(c) = -c**3 + 8*c**2 + 10*c - 2. Let h(m) = -2*m**2 - m + 110. Let r be h(0). Let a = r - 70. Let k = a - 31. What is b(k)?
7
Suppose -5*t + 665 = 3*y, 2*t + 20 = 7*t. Let l = y + -219. Let z(q) = q**3 + 6*q**2 + 5*q - 1. What is z(l)?
11
Let x = -465 + 128. Let y = 337 + x. Let v(l) be the first derivative of l**3/3 + l**2/2 - l - 1. Determine v(y).
-1
Let z(q) = 9*q - 2. Let u = 128 + -124. Suppose -3*w - 2*w = 5*n + 45, u*n + 6 = 2*w. Let h(c) = 16*c - 4. Let f(t) = w*z(t) + 3*h(t). What is f(2)?
4
Suppose -6*w - 13 + 25 = 0. Let a(b) = 15*b**2 - 2*b + 6*b - 24*b**2 + 9*b**w - 4 + 9*b**2 + b**3. What is a(-8)?
28
Let g be (-12)/20 + 1287/45. Let a(s) = 47 - 11*s**2 - 10*s + s**3 - 24 - g - 2*s. Give a(12).
-5
Let q(d) = -7*d + 168. Let i(y) = -17. Let s(h) = -14*i(h) - q(h). Give s(-9).
7
Let r = -37 - -23. Let o(m) be the second derivative of m**4/12 + 13*m**3/6 - 13*m**2/2 - 7*m - 440. What is o(r)?
1
Let z be 3/2*(-8 - (-5 + 3)). Let x be ((-15)/z)/(((-15)/9)/(-5)). Let t(j) = -j**2 + 8*j - 7. What is t(x)?
8
Let n(q) = 7*q**3 + q**2 - q - 1. Let u(r) = -65*r + 66. Let s be u(1). Give n(s).
6
Let g be (-184 - (1 + 1))*(-5)/15. Let d(m) = 3*m**2 + m - 17. Let b be d(5). Let a = b - g. Let f(o) = 8*o**2 + 1. Calculate f(a).
9
Let n = -27946 - -27939. Let y(i) = 0*i**2 + i**3 - 2*i**3 - 8 - 7*i**2. Determine y(n).
-8
Let z be 2*(5 + (-42)/12) + 1. Suppose -z*k = -k + 3. Let f(o) = -3*o**3 - o**2 + 2*o + 2. Determine f(k).
2
Let d(a) = -4*a - 2. Suppose 0 = 8*x + 10 - 26. Let w be 6 - (0 - (-2 - x)). Give d(w).
-10
Suppose -113*w + 208 = -61*w. Let j(o) = -3*o**2 - 3*o + 10. Determine j(w).
-50
Let w(m) = m**2 + 15*m + 17. Let n be w(-14). Suppose -n*j + 425 = 419. Let x(q) = 5*q**3 + 2*q**2 - q + 1. Calculate x(j).
47
Let v be (10 - (-4 - -7)) + (2 - -15). Let i(n) = n**2 - 22*n - 38. Determine i(v).
10
Let v(m) = -m**2 + 6*m - 3. Let p(f) = 31*f**2 + 2*f**3 - 32*f**2 - f**3 - 5 + 3*f. Suppose 3*o + 8 - 14 = 3*u, -3*o + 6 = 2*u. Let t be p(o). Determine v(t).
2
Let d(y) = 2*y**2 + 21*y - 2.